{"id":1137,"date":"2022-05-25T18:50:51","date_gmt":"2022-05-25T16:50:51","guid":{"rendered":"https:\/\/bewell-corporation.com\/?page_id=1137"},"modified":"2022-06-07T11:04:21","modified_gmt":"2022-06-07T09:04:21","slug":"creation-gestion-de-site-internet","status":"publish","type":"page","link":"https:\/\/bewell-corporation.com\/index.php\/creation-gestion-de-site-internet\/","title":{"rendered":"Cr\u00e9ation &#038; gestion de site internet"},"content":{"rendered":"<p>[vc_row][vc_column]<!-- Start Case Details \n    ============================================= -->\n    <div class=\"case-details-area services-details-area default-padding\">\n        <div class=\"container\">\n            <div class=\"case-content\">\n                <div class=\"top-info\">\n                    <div class=\"row\">\n                        <div class=\"col-lg-7 thumb\">\n                            <img decoding=\"async\" src=\"https:\/\/bewell-corporation.com\/wp-content\/uploads\/2022\/06\/BEWELL-DEV-SITE.jpg\" alt=\"Thumb\">\n                        <\/div>\n                        <div class=\"col-lg-5 left-info\">\n                            <h2>Cr\u00e9ation &amp; gestion de site internet<\/h2>\n                            <p>\n                                Site vitrine, Boutique, e-commerce, mobile, application web, site communautaire, blog, site sp\u00e9cifique, sur mesure. Un site internet vous permet de : de cr\u00e9er un lien direct avec vos clients, de sonder leur opinion, de maintenir et d\u00e9velopper votre chiffre d'affaires, de vendre vos produits et services en ligne (vitrine, e-commerce, application web, boutique en ligne\u2026).\n                            <\/p>\n                            <ul class=\"project-info\">\n                            <li>\n                                <div class=\"title\"><h5>Date<\/h5><\/div>\n                                <div class=\"details\">12 Jun, 2021<\/div>\n                            <\/li>\n                            <li>\n                                <div class=\"title\"><h5>Client<\/h5><\/div>\n                                <div class=\"details\">Jonathom Doe<\/div>\n                            <\/li>\n                            <li>\n                                <div class=\"title\"><h5>Category<\/h5><\/div>\n                                <div class=\"details\">Design \/ Ideas<\/div>\n                            <\/li>\n                            <li>\n                                <div class=\"title\"><h5>Address<\/h5><\/div>\n                                <div class=\"details\">California, TX 70240<\/div>\n                            <\/li>\n                            <\/ul>\n                        <\/div>\n                    <\/div>\n                <\/div>[vc_column_text css=&#8221;.vc_custom_1653497408563{margin-bottom: 25px !important;}&#8221;]<\/p>\n<div class=\"wWOJcd\" tabindex=\"0\" role=\"button\" aria-controls=\"exacc_XF2OYp6RFJCVhbIP3fiX8AY3\" aria-expanded=\"true\" aria-labelledby=\"exacc_XF2OYp6RFJCVhbIP3fiX8AY1\">\n<div id=\"exacc_XF2OYp6RFJCVhbIP3fiX8AY1\" class=\"iDjcJe IX9Lgd wwB5gf\" aria-hidden=\"true\"><strong>Pourquoi avoir un site web pour son entreprise ?<\/strong><\/div>\n<\/div>\n<p>[\/vc_column_text][vc_column_text css=&#8221;.vc_custom_1653497371378{margin-bottom: 15px !important;}&#8221;]Un site\u00a0<strong>internet<\/strong> permet de vous positionner comme un expert dans votre secteur d&#8217;activit\u00e9 et d&#8217;attirer 55% de visiteurs en plus. Proposer du contenu qualitatif aux visiteurs de votre site <strong>internet<\/strong> permet d&#8217;instaurer une relation de confiance et de vous positionner comme une r\u00e9f\u00e9rence dans votre domaine. Faites gagner du temps au client \u00e0 travers les plateformes en client c&#8217;est lui assurer un service simple, rapide et efficace \u00e0 l&#8217;\u00e8re du digital.[\/vc_column_text]<div class=\"row thumbs\">\n                        <div class=\"col-lg-6 col-md-6\">\n                            <img decoding=\"async\" src=\"https:\/\/bewell-corporation.com\/wp-content\/uploads\/2022\/06\/BEWELL-NUMERIQUE.jpg\" alt=\"Thumb\">\n                        <\/div>\n                        <div class=\"col-lg-6 col-md-6\">\n                            <img decoding=\"async\" src=\"https:\/\/bewell-corporation.com\/wp-content\/uploads\/2022\/06\/BEWELL-SITE-2.jpg\" alt=\"Thumb\">\n                        <\/div>\n                    <\/div>\n                <\/div>\n            <\/div>\n        <\/div>\n    <\/div>\n    <!-- End Case Details -->[\/vc_column][\/vc_row]<\/p>\n","protected":false},"excerpt":{"rendered":"<p>[vc_row][vc_column][vc_column_text css=&#8221;.vc_custom_1653497408563{margin-bottom: 25px !important;}&#8221;] Pourquoi avoir un site web pour son entreprise ? [\/vc_column_text][vc_column_text css=&#8221;.vc_custom_1653497371378{margin-bottom: 15px !important;}&#8221;]Un site\u00a0internet permet de vous positionner comme un expert dans votre secteur d&#8217;activit\u00e9 et d&#8217;attirer 55% de visiteurs en plus. Proposer du contenu qualitatif aux visiteurs de votre site internet permet d&#8217;instaurer une relation de confiance et de vous [&hellip;]<\/p>\n","protected":false},"author":2,"featured_media":0,"parent":0,"menu_order":0,"comment_status":"closed","ping_status":"closed","template":"","meta":{"_joinchat":[],"footnotes":""},"class_list":["post-1137","page","type-page","status-publish","hentry"],"_links":{"self":[{"href":"https:\/\/bewell-corporation.com\/index.php\/wp-json\/wp\/v2\/pages\/1137","targetHints":{"allow":["GET"]}}],"collection":[{"href":"https:\/\/bewell-corporation.com\/index.php\/wp-json\/wp\/v2\/pages"}],"about":[{"href":"https:\/\/bewell-corporation.com\/index.php\/wp-json\/wp\/v2\/types\/page"}],"author":[{"embeddable":true,"href":"https:\/\/bewell-corporation.com\/index.php\/wp-json\/wp\/v2\/users\/2"}],"replies":[{"embeddable":true,"href":"https:\/\/bewell-corporation.com\/index.php\/wp-json\/wp\/v2\/comments?post=1137"}],"version-history":[{"count":5,"href":"https:\/\/bewell-corporation.com\/index.php\/wp-json\/wp\/v2\/pages\/1137\/revisions"}],"predecessor-version":[{"id":1219,"href":"https:\/\/bewell-corporation.com\/index.php\/wp-json\/wp\/v2\/pages\/1137\/revisions\/1219"}],"wp:attachment":[{"href":"https:\/\/bewell-corporation.com\/index.php\/wp-json\/wp\/v2\/media?parent=1137"}],"curies":[{"name":"wp","href":"https:\/\/api.w.org\/{rel}","templated":true}]}}