{"id":1189,"date":"2022-06-03T16:48:35","date_gmt":"2022-06-03T14:48:35","guid":{"rendered":"https:\/\/bewell-corporation.com\/?page_id=1189"},"modified":"2022-06-03T18:42:12","modified_gmt":"2022-06-03T16:42:12","slug":"formations-a-bewell-3","status":"publish","type":"page","link":"https:\/\/bewell-corporation.com\/index.php\/formations-a-bewell-3\/","title":{"rendered":"Formations \u00e0 BeWell"},"content":{"rendered":"<p>[vc_row][vc_column]<!-- Start Case Details \n    ============================================= -->\n    <div class=\"case-details-area services-details-area default-padding\">\n        <div class=\"container\">\n            <div class=\"case-content\">\n                <div class=\"top-info\">\n                    <div class=\"row\">\n                        <div class=\"col-lg-7 thumb\">\n                            <img decoding=\"async\" src=\"https:\/\/bewell-corporation.com\/wp-content\/uploads\/2022\/06\/BEWELL-COM.jpg\" alt=\"Thumb\">\n                        <\/div>\n                        <div class=\"col-lg-5 left-info\">\n                            <h2>Envie de vous former aux m\u00e9tiers de la technologie?<\/h2>\n                            <p>\n                                Optez pour une structure dynamique et professionnelle. Choisissez le domaine qui vous parle le plus et lancez vous. Pour une formation de courte ou longue dur\u00e9e choisissez Bewell pour votre insertion professionnelle dans le domaine du num\u00e9rique.\n                            <\/p>\n                            <ul class=\"project-info\">\n                            <li>\n                                <div class=\"title\"><h5>Date<\/h5><\/div>\n                                <div class=\"details\">12 Jun, 2021<\/div>\n                            <\/li>\n                            <li>\n                                <div class=\"title\"><h5>Client<\/h5><\/div>\n                                <div class=\"details\">Jonathom Doe<\/div>\n                            <\/li>\n                            <li>\n                                <div class=\"title\"><h5>Category<\/h5><\/div>\n                                <div class=\"details\">Design \/ Ideas<\/div>\n                            <\/li>\n                            <li>\n                                <div class=\"title\"><h5>Address<\/h5><\/div>\n                                <div class=\"details\">California, TX 70240<\/div>\n                            <\/li>\n                            <\/ul>\n                        <\/div>\n                    <\/div>\n                <\/div>[vc_column_text css=&#8221;.vc_custom_1654267645697{margin-bottom: 25px !important;}&#8221;]<\/p>\n<h3><strong>Pourquoi<\/strong> se former au num\u00e9rique\u00a0?<\/h3>\n<p>[\/vc_column_text][vc_column_text css=&#8221;.vc_custom_1654267707785{margin-bottom: 15px !important;}&#8221;]Une formation professionnelle dans le digital vous permet d&#8217;acc\u00e9der \u00e0 de nombreux m\u00e9tiers\u00a0<b>num\u00e9riques<\/b> : d\u00e9veloppeur web, community manager, traffic manager, charg\u00e9 de projet web, expert en digital marketing, creative developer et bien d&#8217;autres m\u00e9tiers de l&#8217;avenir. Prenez votre d\u00e9cision maintenant ![\/vc_column_text]<div class=\"row thumbs\">\n                        <div class=\"col-lg-6 col-md-6\">\n                            <img decoding=\"async\" src=\"https:\/\/bewell-corporation.com\/wp-content\/uploads\/2021\/01\/11-1.jpg\" alt=\"Thumb\">\n                        <\/div>\n                        <div class=\"col-lg-6 col-md-6\">\n                            <img decoding=\"async\" src=\"https:\/\/bewell-corporation.com\/wp-content\/uploads\/2021\/01\/22-1.jpg\" alt=\"Thumb\">\n                        <\/div>\n                    <\/div>\n                <\/div>\n            <\/div>\n        <\/div>\n    <\/div>\n    <!-- End Case Details -->[\/vc_column][\/vc_row]<\/p>\n","protected":false},"excerpt":{"rendered":"<p>[vc_row][vc_column][vc_column_text css=&#8221;.vc_custom_1654267645697{margin-bottom: 25px !important;}&#8221;] Pourquoi se former au num\u00e9rique\u00a0? [\/vc_column_text][vc_column_text css=&#8221;.vc_custom_1654267707785{margin-bottom: 15px !important;}&#8221;]Une formation professionnelle dans le digital vous permet d&#8217;acc\u00e9der \u00e0 de nombreux m\u00e9tiers\u00a0num\u00e9riques : d\u00e9veloppeur web, community manager, traffic manager, charg\u00e9 de projet web, expert en digital marketing, creative developer et bien d&#8217;autres m\u00e9tiers de l&#8217;avenir. Prenez votre d\u00e9cision maintenant ![\/vc_column_text][\/vc_column][\/vc_row]<\/p>\n","protected":false},"author":2,"featured_media":0,"parent":0,"menu_order":0,"comment_status":"closed","ping_status":"closed","template":"","meta":{"_joinchat":[],"footnotes":""},"class_list":["post-1189","page","type-page","status-publish","hentry"],"_links":{"self":[{"href":"https:\/\/bewell-corporation.com\/index.php\/wp-json\/wp\/v2\/pages\/1189","targetHints":{"allow":["GET"]}}],"collection":[{"href":"https:\/\/bewell-corporation.com\/index.php\/wp-json\/wp\/v2\/pages"}],"about":[{"href":"https:\/\/bewell-corporation.com\/index.php\/wp-json\/wp\/v2\/types\/page"}],"author":[{"embeddable":true,"href":"https:\/\/bewell-corporation.com\/index.php\/wp-json\/wp\/v2\/users\/2"}],"replies":[{"embeddable":true,"href":"https:\/\/bewell-corporation.com\/index.php\/wp-json\/wp\/v2\/comments?post=1189"}],"version-history":[{"count":2,"href":"https:\/\/bewell-corporation.com\/index.php\/wp-json\/wp\/v2\/pages\/1189\/revisions"}],"predecessor-version":[{"id":1207,"href":"https:\/\/bewell-corporation.com\/index.php\/wp-json\/wp\/v2\/pages\/1189\/revisions\/1207"}],"wp:attachment":[{"href":"https:\/\/bewell-corporation.com\/index.php\/wp-json\/wp\/v2\/media?parent=1189"}],"curies":[{"name":"wp","href":"https:\/\/api.w.org\/{rel}","templated":true}]}}

Formations à BeWell

<p>[vc_row][vc_column]<!-- Start Case Details 
    ============================================= -->
    <div class="case-details-area services-details-area default-padding">
        <div class="container">
            <div class="case-content">
                <div class="top-info">
                    <div class="row">
                        <div class="col-lg-7 thumb">
                            <img decoding="async" src="https://bewell-corporation.com/wp-content/uploads/2022/06/BEWELL-COM.jpg" alt="Thumb">
                        </div>
                        <div class="col-lg-5 left-info">
                            <h2>Envie de vous former aux métiers de la technologie?</h2>
                            <p>
                                Optez pour une structure dynamique et professionnelle. Choisissez le domaine qui vous parle le plus et lancez vous. Pour une formation de courte ou longue durée choisissez Bewell pour votre insertion professionnelle dans le domaine du numérique.
                            </p>
                            <ul class="project-info">
                            <li>
                                <div class="title"><h5>Date</h5></div>
                                <div class="details">12 Jun, 2021</div>
                            </li>
                            <li>
                                <div class="title"><h5>Client</h5></div>
                                <div class="details">Jonathom Doe</div>
                            </li>
                            <li>
                                <div class="title"><h5>Category</h5></div>
                                <div class="details">Design / Ideas</div>
                            </li>
                            <li>
                                <div class="title"><h5>Address</h5></div>
                                <div class="details">California, TX 70240</div>
                            </li>
                            </ul>
                        </div>
                    </div>
                </div>[vc_column_text css=&#8221;.vc_custom_1654267645697{margin-bottom: 25px !important;}&#8221;]</p>
<h3><strong>Pourquoi</strong> se former au numérique ?</h3>
<p>[/vc_column_text][vc_column_text css=&#8221;.vc_custom_1654267707785{margin-bottom: 15px !important;}&#8221;]Une formation professionnelle dans le digital vous permet d&#8217;accéder à de nombreux métiers <b>numériques</b> : développeur web, community manager, traffic manager, chargé de projet web, expert en digital marketing, creative developer et bien d&#8217;autres métiers de l&#8217;avenir. Prenez votre décision maintenant ![/vc_column_text]<div class="row thumbs">
                        <div class="col-lg-6 col-md-6">
                            <img decoding="async" src="https://bewell-corporation.com/wp-content/uploads/2021/01/11-1.jpg" alt="Thumb">
                        </div>
                        <div class="col-lg-6 col-md-6">
                            <img decoding="async" src="https://bewell-corporation.com/wp-content/uploads/2021/01/22-1.jpg" alt="Thumb">
                        </div>
                    </div>
                </div>
            </div>
        </div>
    </div>
    <!-- End Case Details -->[/vc_column][/vc_row]</p>

<p>[vc_row][vc_column][vc_column_text css=&#8221;.vc_custom_1654267645697{margin-bottom: 25px !important;}&#8221;] Pourquoi se former au numérique ? [/vc_column_text][vc_column_text css=&#8221;.vc_custom_1654267707785{margin-bottom: 15px !important;}&#8221;]Une formation professionnelle dans le digital vous permet d&#8217;accéder à de nombreux métiers numériques : développeur web, community manager, traffic manager, chargé de projet web, expert en digital marketing, creative developer et bien d&#8217;autres métiers de l&#8217;avenir. Prenez votre décision maintenant ![/vc_column_text][/vc_column][/vc_row]</p>
